ose -2*a = -o - 189, -a - q = -3*a - o. What is the remainder when a is divided by 32?
28
Let o(r) = -36*r**3 - 3*r**2. Let f be o(-2). Suppose s + 2 = 0, 3*s = -g + 6*g - f. Let l(a) = -6*a - 5. Calculate the remainder when g is divided by l(-4).
16
Let h be (-14)/5*(-35)/14. Suppose 23 = d - h. What is the remainder when 147 is divided by d?
27
Suppose -4*i + 9*i = 50. Calculate the remainder when i/2*(-4 - -9) is divided by 9.
7
Let u = -2 + 1. Let f = -358 - -360. What is the remainder when 99 is divided by ((-46)/f + -2)/u?
24
Suppose -35 - 25 = -3*t. Suppose t = 11*m - 9*m. Calculate the remainder when m is divided by 3.
1
Let d = -122 - -141. Let x = 55 - 44. What is the remainder when d is divided by x?
8
Let o = -6 + 19. Calculate the remainder when o is divided by 10.
3
Let j(x) = x**3 - 23*x**2 + 3*x - 39. Let s(h) = -20*h - 1. Let g be s(1). Let z = g - -29. What is the remainder when j(23) is divided by z?
6
What is the remainder when 215 is divided by (-14)/35*5 - (-32 + 3)?
26
Let b be (-15)/(-10) - (126/(-4))/3. Let w = b + 20. Calculate the remainder when 57 is divided by w.
25
Let k be (20/6)/(34/51). Suppose k*m - 609 = 3*z - 7*z, 2*m = 3*z - 451. What is the remainder when z is divided by 38?
37
Let x = 188 + -164. Suppose 0 + 10 = 2*l. Let g = x - l. Calculate the remainder when 55 is divided by g.
17
Suppose -5*f + 81 = 2*l, -5*l + l = 2*f - 26. Suppose 0 = -10*o - 10*o + 1180. Calculate the remainder when o is divided by f.
8
Let w = -145 + 320. Calculate the remainder when w is divided by 16.
15
Calculate the remainder when -8 + 4*(-249)/(-12) is divided by 21.
12
Let d = 46 - -13. Calculate the remainder when d is divided by 2/(1/20*2).
19
Suppose -822 - 561 = -3*f. Let t = f + -258. Suppose 0 = -3*i + 5*v + 131 + 92, t = 3*i - v. Calculate the remainder when i is divided by 17.
15
Let o(r) = 23 - 18*r**2 + 5*r + 5*r + 19*r**2 - 7. What is the remainder when o(-10) is divided by -1 + (-20)/(-2)*1?
7
Suppose 0 = -4*q + 5*j + 488, 119 = q - 6*j + 4*j. What is the remainder when q is divided by 32?
31
Suppose 7*a = 3*d + 11*a - 1162, -a = 2*d - 783. Calculate the remainder when d is divided by 134.
126
Let h = -29 - -67. Let g(d) = 2*d - 3. What is the remainder when (h/3)/(12/18) is divided by g(5)?
5
Suppose -2*p + 1 = -5. Suppose 4*m = -2*m - 12. What is the remainder when p is divided by ((-38)/18 - 4/(-36))/m?
0
Let d = -9 - -13. Let w = 81 + -178. Let g = -82 - w. What is the remainder when g is divided by d?
3
Suppose 35*k - 7564 = -26*k. Calculate the remainder when k is divided by 42.
40
Suppose -21*u = -20*u + 159. Let x = -110 - u. Calculate the remainder when x is divided by 13.
10
Let j = -212 - -343. Suppose 5*s - 61 = -c + 2*s, -2*c - 3*s = -j. Calculate the remainder when c is divided by 8.
6
Let x = -8 + 11. Let y(j) = 8 - 2*j - 10 - x. Calculate the remainder when 26 is divided by y(-7).
8
Suppose -6*s + 86 = -40. Let m be 1/2*(-4 + 10). Suppose 0 = -5*w - p + 400, -w - m*p + 35 = -31. What is the remainder when w is divided by s?
18
Let c(t) = t**2 + 44*t + 133. Calculate the remainder when 170 is divided by c(-42).
23
Suppose -58*r = 12*r - 3080. Calculate the remainder when 151 is divided by r.
19
Let w(u) = 4*u - 7. What is the remainder when 55 is divided by w(9)?
26
Suppose 3*c - p + 214 = 0, 2*c = -p - 163 + 17. Let k = c - -101. Suppose 4*r = 160*i - 158*i - 4, 3*i - 9 = 5*r. What is the remainder when k is divided by i?
5
Let f be (-1)/(-6) + 20/24. What is the remainder when (-3 + -1)*f - -141 is divided by 35?
32
Suppose -4*f - 113 = 5*y - 383, -5*y - 2*f = -270. Suppose 34*m = 31*m + y. Calculate the remainder when 87 is divided by m.
15
Suppose -5*m + 15 = 5*l, -5*m + 4*m = -4*l + 32. Let o(c) = 5*c**3 - c**2 + c. What is the remainder when l is divided by o(1)?
2
Suppose 0 = 103*g - 106*g + 111. What is the remainder when g is divided by 21?
16
Let j = 952 + -945. Let w(q) = 4*q. What is the remainder when w(5) is divided by j?
6
Let k(r) = 125*r - 141. What is the remainder when k(8) is divided by 43?
42
Let y(o) = -16*o**3 + o**2 + 2*o + 1. Calculate the remainder when 0 - -73 - (-4 - 0) is divided by y(-1).
13
Suppose 4*g = -2*t + 2, 4*g = -5*t - 10 - 3. Let m(l) = l + 5. Let d be m(t). Suppose 2*j - 4*j + 114 = d. What is the remainder when j is divided by 29?
28
Suppose 540 = 667*v - 662*v. What is the remainder when v is divided by 8?
4
Let c be (9/18)/(2/264). Let a = -36 + c. What is the remainder when 57 is divided by a?
27
Suppose -5*a + 50 = 5*f, 0 = 2*a + 3*f - 13 - 9. Calculate the remainder when 0 + 1400/150*(-6)/(-4) is divided by a.
6
Let s = 726 + -366. Calculate the remainder when s is divided by 26.
22
Suppose 5*l - 3*v - 3 = 0, 4*l = -0*l - 5*v + 32. Calculate the remainder when 12 is divided by l.
0
Let k(d) = -d**2 - 19*d - 30. Let l be (-1 - 2)*(1 - 0). Let j = 11 + l. Calculate the remainder when j is divided by k(-17).
0
Let i = 485 - 446. What is the remainder when 229 is divided by i?
34
Calculate the remainder when 352 is divided by -25*(2/12)/((-1)/6).
2
Suppose 2*v - 7*v = -5*z + 440, 0 = 5*z - 4*v - 436. Let s = 128 - z. Calculate the remainder when s is divided by 23.
21
Let f = 82 - 82. Suppose f = -2*x + 5*n + 39, -5*x = 5*n - 132 - 53. Calculate the remainder when 92 is divided by x.
28
Let h = 196 + -133. Let l = 94 - h. What is the remainder when l is divided by 16?
15
What is the remainder when 95 is divided by 26/(-52)*(-68 - 0/(-2))?
27
Let y be 4/(-8)*2*-11. Let z = y - 7. Let w = 9 - -10. What is the remainder when w is divided by z?
3
Suppose 5*w - 6 - 324 = 0. Suppose 4*l = -8, -2*l - 2*l - 93 = -5*v. Calculate the remainder when w is divided by v.
15
Let j be (93/(-4))/(-2 - 65/(-40)). Suppose j*s - 17 = 61*s. What is the remainder when 49 + (0 + 3 - 2) is divided by s?
16
Suppose 0 = 4*w - 48. Suppose 100 = 7*d - w. Calculate the remainder when 27 is divided by d.
11
Let m = 30 + -33. Let r(i) = -i**3 - i**2 + 4*i + 2. Calculate the remainder when 39 is divided by r(m).
7
Let h = -35 - -36. Suppose -2 = -3*x + 4. What is the remainder when x is divided by h?
0
Suppose 15*t - 911 = 619. Calculate the remainder when 293 is divided by t.
89
Suppose 0 = 7*t - 438 - 10. Calculate the remainder when t is divided by 30.
4
Suppose -5*w + 7 = -18. Suppose k = -2*r + 4*k - w, 2*k = -r + 15. Calculate the remainder when 12 is divided by r.
2
Let h(i) = 77*i - 379. Let p(d) = 2*d**2 + 8*d + 2. Let v be p(-9). Let n = v + -64. What is the remainder when n is divided by h(5)?
4
Suppose -5*l + 17*l - 2400 = 0. What is the remainder when l is divided by 68?
64
Let q = -740 - -745. What is the remainder when 5 is divided by q?
0
Let u(h) = 50*h - 402. What is the remainder when 63 is divided by u(9)?
15
Let z(a) = 2*a**3 - 6*a**2 + 8*a - 13. What is the remainder when z(4) is divided by 41?
10
Suppose -35*d + 8 + 657 = 0. What is the remainder when d is divided by 11?
8
Let k = -11 + 27. Let m be (-1)/((k/(-100))/4). Suppose m = -o + 75. Calculate the remainder when o is divided by 17.
16
Suppose 4*r + 18 = 2*f, 3*f - 29 = -2*r + 6. Calculate the remainder when 64 is divided by f.
9
Suppose 2*x + 10 + 26 = 4*k, -2*k = 5*x - 30. Let q(w) = -29*w**3 - w**2 + 1. Let i be q(-1). Let p = 68 - i. What is the remainder when p is divided by k?
9
Let s be ((-22)/(-5))/(6/(-180)*-6). Let r = s + -15. Let u(a) = -7*a - 2. What is the remainder when u(-3) is divided by r?
5
Let r be (-132)/(-9) + 2/6. Let v = 32 - r. Let b = 114 + -49. Calculate the remainder when b is divided by v.
14
Suppose -127*t = l - 126*t - 145, 5*l - 2*t = 732. Calculate the remainder when l is divided by 75.
71
Suppose -5*k + 3*y = -k - 4, 0 = -5*y + 20. Let a(c) = -c**3 + 7*c**2 - 9*c + 5. Calculate the remainder when 67 is divided by a(k).
16
Let u = 204 - 112. Suppose -4*v = -2*k - u, -2*v + 0*k + 36 = 4*k. What is the remainder when 195 is divided by v?
19
Suppose -4*v - 87 = -3*i - 7*v, -5*i + 2*v + 131 = 0. Calculate the remainder when i is divided by (-1 - -36)*22/77.
7
Suppose 256 = 3*a - 2*y, -5*a - 3*y = -6*y - 425. Let x(w) = 26 - 14 + 20*w - 3*w + 2*w**2. Calculate the remainder when a is divided by x(-9).
19
Suppose -10*t = 3 - 23. Let x = 24 - t. Calculate the remainder when x is